{"id":31,"date":"2022-02-22T07:06:49","date_gmt":"2022-02-22T06:06:49","guid":{"rendered":"https:\/\/cazma-trade.hr\/cazma-trade\/about\/"},"modified":"2022-09-09T09:55:41","modified_gmt":"2022-09-09T08:55:41","slug":"onama","status":"publish","type":"page","link":"https:\/\/www.cazma-trade.hr\/cazma-trade\/onama\/","title":{"rendered":"O NAMA"},"content":{"rendered":"\n\n\n<h1 style=\"color: rgb(17, 83, 17);\">Tko smo mi?<\/h1>\n<p class=\"tekst\">Obiteljska tvrtka osnovana 1992. godine sa sjedi\u0161tem u Gornjem Dragancu. Pilana se nalazi 50-ak kilometara \nisto\u010dno od Zagreba te 4 kilometra od grada \u010cazme i \npripada u Bjelovarsko-bilogorsku \u017eupaniju. Kroz tradiciju dugu trideset godina nastojimo pro\u0161iriti svoju ponudu te na\u0161im klijentima pru\u017eiti najkvalitetnije proizvode. Posjedujemo vlastite su\u0161are, pilanu, doradu i proizvodnju finalnih proizvoda stoga se svi proizvodi koje nudimo proizvode na jednom mjestu. Trenutno zapo\u0161ljavamo jedanaest zaposlenika, no taj se broj iz godine u godinu pove\u0107ava. Danas imamo zadovoljne kupce iz svih dijelova Hrvatske, ali i Europe.<br><\/p><p class=\"tekst\"><br><\/p>\n<h1 style=\"color: rgb(17, 83, 17);\">Misija&#8230; <\/h1>\n<p>Izrada kvalitetne krovne gra\u0111e, stolarske daske te sve \u0161to je potrebno za prvotno ure\u0111enje doma (selja\u010dki i brodski podovi, lamperija, poluoblice, kutne lajsne i stepeni\u0161ta). Kao najbolji partner, svojim proizvodima i individualnim pristupom nastojimo zadovoljiti sve \u017eelje i potrebe na\u0161ih klijenata.<br><\/p>\n<h1  style=\"color: rgb(17, 83, 17);\">Vizija&#8230;<\/h1>\n<p>Kontinuiranom nadogradnjom i unaprije\u0111enjem proizvodnog pogona inovativnim rje\u0161enjima te stalnom edukacijom i novim zapo\u0161ljavanjem radne snage \u017eelimo \u0161iriti asortiman proizvoda te vlastito poslovanje pro\u0161iriti na podru\u010dje cijele Europe.<br><\/p>\n\n\n\n\n<h1 style=\"color: rgb(17, 83, 17);\"><em><span style=\"font-weight: normal;\">\u0160<\/span><\/em>to nudimo?<\/h1>\n<p>Glavna \ndjelatnost tvrtke je proizvodnja suhe stolarske samice, gra\u0111e hrasta i \njele-smreke u svim debljinama, izvozne hrastove samice i elemenata<br>\n\t\t\t\t\t\t\t\t\t\t\t\t\t\t\tu svim kvalitetama. Tvrtka \nproizvodi i gra\u0111u za drvene mostove i hrastovu gra\u0111u za crkve. Tako\u0111er, u ponudi imamo i pone\u0161to za unutarnje ure\u0111enje va\u0161eg doma: brodski pod, selja\u010dki pod, parket, , kutne lajsne, zidne obloge (poluoblice i oblice), stepeni\u0161ta te balkonske ograde. <\/p>\n<h3 style=\"color: rgb(17, 83, 17); font-size: 22pt;\" align=\"center\"><em>Na\u0161a su preporuka na\u0161i zadovoljni kupci.<\/em><\/h3>\n\n\n\n\n\n\n\n\n\n\n\n\n\n\n","protected":false},"excerpt":{"rendered":"","protected":false},"author":1,"featured_media":0,"parent":0,"menu_order":0,"comment_status":"closed","ping_status":"closed","template":"","meta":[],"_links":{"self":[{"href":"https:\/\/www.cazma-trade.hr\/cazma-trade\/wp-json\/wp\/v2\/pages\/31"}],"collection":[{"href":"https:\/\/www.cazma-trade.hr\/cazma-trade\/wp-json\/wp\/v2\/pages"}],"about":[{"href":"https:\/\/www.cazma-trade.hr\/cazma-trade\/wp-json\/wp\/v2\/types\/page"}],"author":[{"embeddable":true,"href":"https:\/\/www.cazma-trade.hr\/cazma-trade\/wp-json\/wp\/v2\/users\/1"}],"replies":[{"embeddable":true,"href":"https:\/\/www.cazma-trade.hr\/cazma-trade\/wp-json\/wp\/v2\/comments?post=31"}],"version-history":[{"count":16,"href":"https:\/\/www.cazma-trade.hr\/cazma-trade\/wp-json\/wp\/v2\/pages\/31\/revisions"}],"predecessor-version":[{"id":411,"href":"https:\/\/www.cazma-trade.hr\/cazma-trade\/wp-json\/wp\/v2\/pages\/31\/revisions\/411"}],"wp:attachment":[{"href":"https:\/\/www.cazma-trade.hr\/cazma-trade\/wp-json\/wp\/v2\/media?parent=31"}],"curies":[{"name":"wp","href":"https:\/\/api.w.org\/{rel}","templated":true}]}}