{"id":272,"date":"2022-02-25T23:34:34","date_gmt":"2022-02-25T22:34:34","guid":{"rendered":"https:\/\/www.cazma-trade.hr\/cazma-trade\/?page_id=272"},"modified":"2022-02-25T23:46:08","modified_gmt":"2022-02-25T22:46:08","slug":"cookies","status":"publish","type":"page","link":"https:\/\/www.cazma-trade.hr\/cazma-trade\/pocetna\/cookies\/","title":{"rendered":"Cookies"},"content":{"rendered":"\n\n\n<p>Kako bi ova web stranica radila pravilno, kako bismo bili u stanju \nvr\u0161iti daljnja unaprje\u0111enja stranice, u svrhu pobolj\u0161avanja va\u0161ega \niskustva pregledavanja, ova stranica mora na va\u0161e ra\u010dunalo spremiti \nmalenu koli\u010dinu informacija ( Cookies ) . Preko 90 % svih web stranica \nkoristi ovu praksu no prema regulacijama Europske unije od 25.03.2011. \nobvezni smo prije spremanja Cookie-a zatra\u017eiti va\u0161 pristanak. <strong><span class=\"tekstbold\">Kori\u0161tenjem na\u0161ih web stranice pristajete na uporabu Cookie-a.<\/span><\/strong> Blokiranjem cookie i dalje mo\u017eete pregledavati stranicu, no neke njezine mogu\u0107nosti Vam ne\u0107e biti dostupne.          <\/p>\n          <p>NAPOMENA: Budu\u0107i da je svrha kola\u010di\u0107a pobolj\u0161anje i \nomogu\u0107ivanje kori\u0161tenja na\u0161eg web-mjesta i njegovih procesa, \nsprje\u010davanjem ili brisanjem kola\u010di\u0107a mo\u017ee se onemogu\u0107iti kori\u0161tenje \nzna\u010dajki na na\u0161em web-mjestu ili prouzro\u010diti druga\u010diji rad web-mjesta u \nva\u0161em pregledniku.\n          <\/p>\n          <p class=\"tekstbold\"><strong>\u0160to su kola\u010di\u0107i?<\/strong><\/p>\n          <p>Kola\u010di\u0107i su male datoteke koje se uglavnom sastoje od slova\n i brojeva, a preuzimaju se na ure\u0111aj kada korisnici pristupaju \nweb-mjestima. \u010cesto se koriste u svrhu omogu\u0107ivanja rada web-mjesta ili \nza u\u010dinkovitiji rad web-mjesta. Kola\u010di\u0107i nastaju kada preglednik na \nure\u0111aju korisnika u\u010dita odre\u0111eno web-mjesto. To web-mjesto \u0161alje podatke\n pregledniku koji zatim izra\u0111uje tekstualnu datoteku. Preglednik dohva\u0107a\n i \u0161alje tu datoteku na poslu\u017eitelj web-mjesta prilikom svakog povratka \nkorisnika na to web-mjesto. Kola\u010di\u0107i imaju nekoliko funkcija koje me\u0111u \nostalim uklju\u010duju prikupljanje podataka i pam\u0107enje preferenci korisnika,\n dodavanje proizvoda u ko\u0161aricu prilikom kupovine na mre\u017ei i op\u0107enito \nomogu\u0107ivanje korisni\u010dke upotrebe web-mjesta. Kola\u010di\u0107e koristimo za izvr\u0161avanje odre\u0111enih funkcija, npr.:<\/p>\n          <p>&#8211; kako bismo vam omogu\u0107ili navigaciju web-mjestom i \nkori\u0161tenje njegovih zna\u010dajki te vam pru\u017eili besprijekorno iskustvo,-\n            kako bismo pobolj\u0161ali na\u0161e web-mjesto, &#8211; \n            kako bismo vam pru\u017eili prilago\u0111ene zna\u010dajke dok pregledavate\n na\u0161e web-mjesto, &#8211; \n            za prikupljanje podataka o na\u010dinu na koji koristite na\u0161e \nweb-mjesto kako bismo vam mogli pru\u017eiti bolje iskustvo prate\u0107i koji vas \ndijelovi na\u0161eg web-mjesta najvi\u0161e zanimaju ili kako bismo vas mogli \nzapamtiti kada se ponovno vratite na na\u0161e web-mjesto.<br>\n            <\/p>\n          <p><strong>Kakve kola\u010di\u0107e koristimo?<\/strong><br>\n          <\/p>\n          <p class=\"tekstbold\">Neophodni kola\u010di\u0107i<\/p>\n          <p>Ovi su kola\u010di\u0107i potrebni kako bi se korisnicima omogu\u0107ilo \npregledavanje na\u0161eg web-mjesta i kori\u0161tenje njegovih zna\u010dajki koje me\u0111u \nostalim uklju\u010duju pristup sigurnom podru\u010dju web-mjesta bez potrebe za \nponovnom prijavom i pam\u0107enje va\u0161ih radnji na svakoj stranici tijekom \njedne sesije..<\/p>\n          <p>NAPOMENA: Bez ovih kola\u010di\u0107a ne mo\u017eemo jam\u010diti u\u010dinkovitost na\u0161eg web-mjesta niti va\u0161u sigurnost na mre\u017ei tijekom sesija.<\/p>\n          <p class=\"tekstbold\">Kola\u010di\u0107i u\u010dinkovitosti<\/p>\n          <p>Kola\u010di\u0107e u\u010dinkovitosti, prvenstveno kola\u010di\u0107e usluge Google \nAnalytics, koristimo za prikupljanje podataka o na\u010dinu na koji korisnici\n koriste na\u0161e web-mjesto. Prikupljamo podatke kao \u0161to su npr. dio \nweb-mjesta koji ste pritisnuli, broj web-stranica koje ste posjetili, \ntrajanje svake sesije i eventualne poruke o pogre\u0161kama s ciljem \npobolj\u0161anja na\u0161eg web-mjesta i pru\u017eanja boljeg iskustva korisnicima (<a href=\"https:\/\/developers.google.com\/analytics\/devguides\/collection\/analyticsjs\/cookie-usage\" target=\"_blank\" rel=\"noopener\">Info link &gt;<\/a>).<\/p>\n          <p>Podatke o tome kako korisnici koriste na\u0161e web-mjesto \npovremeno mo\u017eemo prikupljati i koriste\u0107i druge kola\u010di\u0107e u\u010dinkovitosti \nkoji su sli\u010dni kola\u010di\u0107ima koje koristi usluga Google Analytics. Podaci \nkoji se prikupljaju pomo\u0107u tih kola\u010di\u0107a mogu uklju\u010divati IP adresu \nkorisnika i podatke o domeni\/pregledniku, no takvi se podaci prikupljaju\n i analiziraju isklju\u010divo u anonimnom i masovnom obliku.<br>\n          <\/p>\n          <p class=\"tekstbold\">Kola\u010di\u0107i za funkcionalnost<\/p>\n          <p>Kola\u010di\u0107i za funkcionalnost omogu\u0107uju nam da zapamtimo \nodabire korisnika na na\u0161em web-mjestu. Ovi nam podaci omogu\u0107uju pru\u017eanje\n prilago\u0111enih zna\u010dajki na\u0161im korisnicima dok pretra\u017euju na\u0161e web-mjesto.<\/p>\n          <span class=\"tekstbold\">NID, SNID, PREF, khcookie<\/span><br>\n          <br>\n          Ove kola\u010di\u0107e koristi Google kada pregledavamo stranice koje sadr\u017eavaju Google maps.\n          <p class=\"tekstbold\"><strong>Sprje\u010davanje kola\u010di\u0107a<\/strong><\/p>\n<p>Kola\u010di\u0107e mo\u017eete sprije\u010diti promjenom postavki preglednika. Ako \npristanete na na\u0161e kori\u0161tenje kola\u010di\u0107a, a kasnije se predomislite, \nmo\u017eete izbrisati postavljene kola\u010di\u0107e i promijeniti postavke preglednika\n kako biste blokirali daljnje kola\u010di\u0107e. Vi\u0161e informacija o upravljanju \nkola\u010di\u0107ima potra\u017eite na web mjestim na kojima se nalaze informacije o \nupravljanju postavkama davatelja usluga ve\u0107ih preglednika:<\/p>\n<ul><li> <a href=\"http:\/\/www.allaboutcookies.org\" target=\"_blank\" rel=\"noopener\">http:\/\/www.allaboutcookies.org<\/a><\/li><li><a href=\"http:\/\/www.cnil.fr\" target=\"_blank\" rel=\"noopener\">http:\/\/www.cnil.fr<\/a><\/li><li><a href=\"http:\/\/support.microsoft.com\" target=\"_blank\" rel=\"noopener\">http:\/\/support.microsoft.com<\/a><\/li><li><a href=\"http:\/\/support.mozilla.org\" target=\"_blank\" rel=\"noopener\">http:\/\/support.mozilla.org<\/a><\/li><li><a href=\"http:\/\/support.google.com\" target=\"_blank\" rel=\"noopener\">http:\/\/support.google.com<\/a><\/li><\/ul>\n<p>Isklju\u010divanje anonimnih kola\u010di\u0107a usluge Google Analytics: Mo\u017eete \ninstalirati &#8220;softverski dodatak&#8221; za Google Analytics za preglednik kako \nbiste sprije\u010dili da web-mjesto \u0161alje podatke o va\u0161em posjetu usluzi \nGoogle Analytics. Info:<\/p>\n          <ul><li> <a href=\"http:\/\/www.google.com\/policies\/privacy\/\" target=\"_blank\" rel=\"noopener\">http:\/\/www.google.com\/policies\/privacy\/<\/a><\/li><\/ul>\n          <p>Vi\u0161e se mo\u017eete informirati na sljede\u0107im linkovima:<\/p>\n          <ul><li> <a href=\"http:\/\/www.allaboutcookies.org\/\" target=\"_blank\" rel=\"noopener\">http:\/\/www.allaboutcookies.org\/<\/a><\/li><li>              <a href=\"http:\/\/www.youronlinechoices.eu\/\" target=\"_blank\" rel=\"noopener\">http:\/\/www.youronlinechoices.eu\/<\/a><\/li><\/ul>\n\n\n","protected":false},"excerpt":{"rendered":"","protected":false},"author":1,"featured_media":0,"parent":32,"menu_order":0,"comment_status":"closed","ping_status":"closed","template":"","meta":[],"_links":{"self":[{"href":"https:\/\/www.cazma-trade.hr\/cazma-trade\/wp-json\/wp\/v2\/pages\/272"}],"collection":[{"href":"https:\/\/www.cazma-trade.hr\/cazma-trade\/wp-json\/wp\/v2\/pages"}],"about":[{"href":"https:\/\/www.cazma-trade.hr\/cazma-trade\/wp-json\/wp\/v2\/types\/page"}],"author":[{"embeddable":true,"href":"https:\/\/www.cazma-trade.hr\/cazma-trade\/wp-json\/wp\/v2\/users\/1"}],"replies":[{"embeddable":true,"href":"https:\/\/www.cazma-trade.hr\/cazma-trade\/wp-json\/wp\/v2\/comments?post=272"}],"version-history":[{"count":2,"href":"https:\/\/www.cazma-trade.hr\/cazma-trade\/wp-json\/wp\/v2\/pages\/272\/revisions"}],"predecessor-version":[{"id":275,"href":"https:\/\/www.cazma-trade.hr\/cazma-trade\/wp-json\/wp\/v2\/pages\/272\/revisions\/275"}],"up":[{"embeddable":true,"href":"https:\/\/www.cazma-trade.hr\/cazma-trade\/wp-json\/wp\/v2\/pages\/32"}],"wp:attachment":[{"href":"https:\/\/www.cazma-trade.hr\/cazma-trade\/wp-json\/wp\/v2\/media?parent=272"}],"curies":[{"name":"wp","href":"https:\/\/api.w.org\/{rel}","templated":true}]}}